 multiple of 7?
False
Suppose 14*g - 13*g = 33. Does 10 divide (-398)/(-11) - 6/g?
False
Let y(x) = x**2 + x. Let s be y(-1). Suppose 0 = -2*b + 5*t - 22, 4*b + b + 5*t - 15 = s. Is -1 + (10 + b)*2 a multiple of 14?
False
Let h(z) = 103*z - 1. Let x be h(1). Let s = -3 + x. Does 16 divide s?
False
Suppose -76*z + 40498 = -77530. Does 54 divide z?
False
Let z(a) = -a - 5. Let r be z(-4). Let u be (9/(-3))/(1/r). Let t(g) = 8*g + 4. Is t(u) a multiple of 7?
True
Is 3 a factor of -1*(-84)/(-10)*(-180)/24?
True
Suppose -191*m = -192*m + 16. Is m a multiple of 4?
True
Does 29 divide 24/40 - ((-2601)/(-15))/(-1)?
True
Let k(r) be the third derivative of r**5/12 + r**4/12 - 5*r**3/6 + 5*r**2. Let i(y) = 5*y**2 + 2*y - 4. Let d(f) = 4*i(f) - 3*k(f). Is 12 a factor of d(3)?
False
Let h(o) be the first derivative of 7*o**2/2 - 6*o - 3. Let f be h(-3). Let i = 45 + f. Is i a multiple of 9?
True
Let j be 125/30 + (33/18 - 2). Suppose -j*r - t = -0*t - 545, 4*r - 5*t = 539. Is 13 a factor of r?
False
Suppose 0 = 4*q + l - 247 - 1333, 4*q - l - 1588 = 0. Is 45 a factor of q?
False
Let p(t) = 4*t - 6 - t + 0*t. Is p(7) a multiple of 15?
True
Let k(o) = o**3 - 9*o**2 + 45*o - 31. Is k(10) a multiple of 51?
False
Let v be (-6 - -11)*(4 - 1). Is 95 + (v/(-5) - -8) a multiple of 25?
True
Let z = 3 - 15. Does 5 divide (-302)/z + 5/(-30)?
True
Let j = 341 + 55. Is 33 a factor of j?
True
Let u(g) be the third derivative of g**4/3 + g**3 - 2*g**2. Suppose -3 = 9*z - 48. Is 23 a factor of u(z)?
True
Let v(c) = -2*c**2 + 8*c + 12. Let w be v(5). Suppose 3*b - 2*n = 103, 4*n + 62 + 113 = 5*b. Suppose -w*f = 3 - b. Is f a multiple of 4?
False
Suppose 3*h - 22 = -7. Let f(t) = -4*t**2 + 4. Let m(o) = -5*o**2 + o + 4. Let u(z) = -4*f(z) + 3*m(z). Is 18 a factor of u(h)?
True
Suppose 241 = 4*b - 303. Is 14 a factor of b?
False
Let v = 1136 + -456. Is 40 a factor of v?
True
Let j be 1/(-4) + (-1899)/(-12). Suppose 3*d - 173 = c, -2*c + j = 2*d + d. Let k = -30 + d. Is 13 a factor of k?
True
Suppose -2*j - 42 = b - 597, -3*j - 5*b + 829 = 0. Is j a multiple of 24?
False
Suppose 0 = -5*f - 3*g + 347, 3*g - 280 = -4*f - 0*g. Let u = -27 + f. Is 8 a factor of u?
True
Let f = 8 - 8. Suppose f = 8*w - 13*w + 300. Is 15 a factor of w?
True
Suppose -3*q + 2*q + 2 = 0. Suppose -2*v - q*k + 6*k + 124 = 0, 4*v - 4*k = 256. Does 33 divide v?
True
Suppose c = -86*z + 84*z + 1893, 7592 = 4*c + 4*z. Is c a multiple of 9?
False
Let h(a) = 6*a**2 - a + 1. Let v be h(1). Suppose -5*g - 29 = 2*i - 139, -3*i + 75 = 3*g. Is 10 a factor of 2/(v + -2)*g?
True
Suppose -3*b + 2*s = 7*s - 1930, 5*b - 3*s - 3262 = 0. Does 26 divide b?
True
Let v be 16/72 - (-29)/(-9). Is 24 a factor of -4*v/9*36?
True
Let h = -125 - -128. Is 3 a factor of h?
True
Suppose -g + 7*g - 186 = 0. Suppose 26*t = g*t - 135. Is 3 a factor of t?
True
Let f be 1/(-2) + -21*15/(-18). Suppose 0 = -14*u + f*u - 222. Does 7 divide u?
False
Let p(v) = v**3 + 4*v**2 - 5*v - 18. Let f be p(-3). Suppose -f*b = -9*b + 162. Is 13 a factor of b?
False
Suppose -3*k = -4*k + 16. Does 3 divide (k - (2 - -2)) + 1?
False
Suppose 0 = -b + 5*y - 4, -12 = b + 4*y - 35. Let n(i) = i**2 - 12*i + 13. Let o be n(b). Does 16 divide 8/(o*2/24)?
True
Let r(w) = w**3 + 9*w**2 + 12*w + 11. Suppose -d - 2 - 5 = 0. Does 25 divide r(d)?
True
Let l(g) = 5 + 2*g**2 - 2 - 4 - 2*g - 4*g. Does 13 divide l(-4)?
False
Suppose 704 = 5*t + h, -206 - 214 = -3*t - 3*h. Let n = t + -43. Does 15 divide n?
False
Let k = 12 + -7. Let h(o) = o**2 - 8*o + 3. Let p be h(k). Does 17 divide 4/p*-51*2?
True
Suppose -j + m = -15, -2*m - 4 = 4*j - 34. Suppose 4*r = -2*b - 0*r + 18, r = -2*b + 12. Suppose -j - 90 = -b*i. Does 10 divide i?
True
Let f(u) = 2*u**2 - 3. Let m(o) = -o**3 - 8*o**2 + o + 5. Let r be m(-8). Is f(r) a multiple of 5?
True
Let l = 939 + 1441. Is l a multiple of 17?
True
Let d be ((-406)/28)/(1/2). Let o = d - -125. Is 12 a factor of o?
True
Is 74 a factor of (-17616)/(-14) - (-10 - 216/(-21))?
True
Let l = 1663 + -970. Does 7 divide l?
True
Let k be (1 - -1) + (-954)/(-3). Suppose 4*c - 9*c = -k. Let n = c + -14. Is 25 a factor of n?
True
Let f = 345 - 116. Is f a multiple of 17?
False
Let v be (-3 + 6)/(4 + -5). Let d(o) = -15*o - 4. Let m be d(v). Suppose -29 = -3*x - 2*w, 4*x + 6*w - m = w. Is 9 a factor of x?
True
Let u(q) = -q**3 - 5*q**2 + 8*q + 1. Let n be u(-7). Let c = n + 45. Suppose c = -0*v + 4*v. Is 7 a factor of v?
False
Suppose 0 = 3*x - x - 8. Suppose 5*y = -w + 2*w + 1193, -725 = -3*y - x*w. Suppose 0 = -4*u + 21 + y. Does 13 divide u?
True
Suppose 13*i - 8*i - 835 = 0. Suppose 3*g - i = -q + g, q - 3*g - 162 = 0. Is 55 a factor of q?
True
Suppose -4*g = 53 - 521. Is 39 a factor of g?
True
Let g be (-1)/((-6)/8)*(-12)/(-8). Suppose 0 = b - 2*o - 210, -g*b - 2*b + 845 = -3*o. Does 36 divide b?
False
Suppose 5*o - 564 = 2*o. Suppose 2*i + o = 2*t - 18, 0 = -3*t - 5*i + 285. Is t a multiple of 20?
True
Let v = 2069 + -1069. Is v a multiple of 50?
True
Does 47 divide -1 + 7 + (20 - 22) - -43?
True
Suppose 7*n = 5*n + 5*t + 6854, -5*t + 6874 = 2*n. Is 24 a factor of n?
True
Suppose -3 = -3*v + 3*h, -6*h = -4*v - 5*h + 7. Suppose 0 = z + 2*q - 33, 5*z - z + v*q = 108. Does 2 divide z?
False
Let k be 7316/28 + (-2)/7. Suppose 19*i = 22*i - k. Is i a multiple of 14?
False
Let b = 248 + -110. Let i = b - 95. Let t = i + -23. Is 10 a factor of t?
True
Let v be ((-6)/2)/((-3)/39). Let x(g) = g**3 - 6*g**2 - 4*g - 10. Let o be x(7). Suppose w - o = v. Is w a multiple of 16?
False
Let f be 4/12 + 46/6. Let v be 0/(-1)*2/f. Suppose v = -m - m + 64. Is 12 a factor of m?
False
Suppose 46*a = 35*a + 1760. Is a a multiple of 10?
True
Does 7 divide 9792/18 + (-6 - (-1)/1)?
True
Suppose 2*o + 430 = -4*r + 110, -3*r - 4*o = 230. Suppose -k - 3*m = -4*k - 114, 3*m - 71 = 2*k. Let x = k - r. Does 13 divide x?
True
Suppose m = -2*h + 7, 3*h + 3*m - 6 = -0*m. Suppose 3*r - 4*x - 5 - 57 = 0, -138 = -h*r - 2*x. Is r a multiple of 9?
False
Let h be ((-5)/3)/(1/(-15)). Suppose 8*a - 26*a = 90. Is (-44)/a + 5/h a multiple of 3?
True
Let i(b) = -87*b + 1. Let y be i(-1). Suppose g - y = 346. Is (-6)/27 + g/9 a multiple of 16?
True
Suppose 457 + 197 = 6*b. Is b a multiple of 14?
False
Let h = 70 + -35. Is 2 a factor of h?
False
Suppose 0 = 5*f - g - 20, 8*g - 6*g - 8 = -2*f. Suppose 3*v - 54 = -l, 0*l - 5*v + 209 = f*l. Is 19 a factor of l?
False
Suppose -6*l = -4958 + 1070. Is l a multiple of 27?
True
Let t be -3 - (1 - 6*(-12)/(-8)). Is 20 a factor of 200/4 + t + -2?
False
Suppose -3*k + 11 = -1. Let y = 29 + 11. Suppose y = 5*a - k*a. Is a a multiple of 10?
True
Let j = -1432 + 2532. Is j a multiple of 14?
False
Let z be (-9)/27 + 14/6. Let m(k) = 14*k - 6. Does 9 divide m(z)?
False
Suppose t + 5 = 0, 5140 = 5*o + 9*t - 14*t. Is 14 a factor of o?
False
Let v be 1 + -4 - (-3 - 1). Let l be 2/(-1)*v - -2. Suppose l = y + 12 - 43. Does 23 divide y?
False
Is 6 a factor of 339 + -1 + 9 + -6?
False
Let a = -27 + 35. Let f(d) = d**2 - 7*d + 4. Does 4 divide f(a)?
True
Let v = 50 + -48. Is (168/(-18))/(v/(-87)) a multiple of 24?
False
Let a be (-2)/6 - (-35)/15. Let b = 4 + a. Suppose 2*p + b = 3*p. Is p a multiple of 2?
True
Suppose -2*y + 3*y = 5*s - 3, -y - 4*s = -6. Let r = y - -5. Is 3 a factor of r?
False
Let p = -29 - -12. Let m = -13 - p. Suppose -5*i = 2*a - 90, -m*i + 3*a = i - 65. Is 8 a factor of i?
True
Suppose -2714*o = -2711*o - 5994. Is o a multiple of 83?
False
Let s(d) = -4*d + 42 - d - 6*d - 48. Let c be s(9). Is (c/(-30))/(2/12) a multiple of 7?
True
Let u(z) = z**2 + z + 8. Let d be u(4). Suppose -4*n - 4*p = -d, 2*n = -2*n + 3*p + 7. Suppose -2*m = -n*v + 278, 0 = 5*v + 3*m - 150 - 203. Does 29 divide v?
False
Let h(w) = 15*w**3 + w**2 - 1. Let p be h(-1). Is 10 a factor of (-566)/(-10) - 3*2/p?
False
Let g(i) = -i**2 + i - 4. Let o be g(3). Let t = o - -10. Suppose -5*p + 150 = 3*j, t = 4*j - 0*p - 2*p - 174. Is j a multiple of 26?
False
Let q be (2 - 40) + (-4)/(-1). Suppose 0 = -s + h + 54, -s + 5*h = -6*s + 250. Let w = q + s. Is 4 a factor of w?
False
Let p(k) = 20*k - 35. Is p(7) a multiple of 2?
False
Let l be 615/2 - 2/(-4). Let b = 583 - l. Is b a multiple of 32?
False
Suppose 0 = -24*r + 22*r - h + 1197, 3*h + 1809 = 3*r. Does 30 divide r?
Tr